inder when b is divided by 20.
19
Suppose -q + t + 0 = -1, -t = -4*q + 13. Suppose 2*p - 72 = -4*k, 3*k - 30 = -p + 26. Calculate the remainder when ((-14)/(-8))/(q/80) is divided by k.
15
Suppose 0 = 39*x - 36*x - h - 1929, -5*x - 5*h = -3235. What is the remainder when x is divided by 19?
17
Suppose -50 = z - 51. Calculate the remainder when ((z - 1) + 17)/(5/15) is divided by 9.
6
Let o = 788 + -455. What is the remainder when o is divided by 16?
13
Let g = -86 + 117. Calculate the remainder when g is divided by 18.
13
Let y(j) = 6*j**2 - 22*j - 71. Calculate the remainder when 256 is divided by y(7).
49
Let a(b) = -b**3 - 3*b**2 - b + 2. Let m be a(-3). Suppose -m = f + 4*f. Let c(l) = -6*l. Calculate the remainder when c(f) is divided by 4.
2
Suppose -2*w - 3*f = -77, 2*w - 4*w = f - 67. Suppose -7*u + 2*u + 85 = 0. Calculate the remainder when w is divided by u.
14
Suppose 17*p + 15*p = 736. Calculate the remainder when 63 is divided by p.
17
Suppose -2*t = 3*h - 10, h - 12 = -14. Calculate the remainder when 16 is divided by t.
0
Suppose q + 4*a = 192, q + 840 = 6*q - 4*a. Calculate the remainder when q is divided by 6.
4
Suppose -4*y + 8*y = 480. Suppose 3*n + 88 = 5*n - 3*l, -y = -2*n - 5*l. Let c = 35 + -22. Calculate the remainder when n is divided by c.
11
Calculate the remainder when 1/((-1788)/(-892) + -2) is divided by 16.
15
Let s(t) = -53*t + 292. What is the remainder when 76 is divided by s(5)?
22
Suppose 8 = 36*v - 28*v. Calculate the remainder when 41 is divided by v - 0 - (-3 + -7).
8
Suppose -24 = -3*n + 3*q, -4*n + 0*q = -2*q - 22. Let u(d) = 0*d**2 - d**3 + 3*d**2 + 2*d - d + 1. What is the remainder when u(n) is divided by 2?
0
Let r = 19 + -22. Calculate the remainder when (-52)/(1 + r - 0) is divided by 7.
5
Let h(b) = -4*b + 23. Calculate the remainder when 99 is divided by h(5).
0
Suppose -2*m + 6 = -5*m. Let s(y) = -11*y**2 + y - 11. Let z(w) = -5*w**2 - 5. Let v(f) = 3*s(f) - 7*z(f). Calculate the remainder when 15 is divided by v(m).
3
Suppose 0 = d - 7 - 15. Suppose 2*f = 82 - d. Suppose 3*j + j - 64 = 0. Calculate the remainder when f is divided by j.
14
Suppose -2*y - 8 = -6*y. Calculate the remainder when (52 - -1) + 0/y is divided by 21*(56/(-6))/(-7).
25
Let o = -23 - -26. Suppose -6 = -o*a, g - 18 = 2*a - 6. What is the remainder when 62 is divided by g?
14
Suppose 219 = -5*u + 354. Calculate the remainder when 428 is divided by u.
23
Let j(x) = -9*x - 7. Let u = 0 - 6. Calculate the remainder when j(u) is divided by 25.
22
Let j(v) = 61*v**3 + 7*v**2 - 4*v - 11. Let b(c) = -30*c**3 - 3*c**2 + 2*c + 5. Let q(i) = 9*b(i) + 4*j(i). Calculate the remainder when 74 is divided by q(-1).
22
Let y be 1/(-1 + 0 + 2). Let t = y - 1. Suppose -3*c + 0*c + 39 = t. What is the remainder when c is divided by 7?
6
Suppose -c + 3 = 7. Suppose -3*x - 1 = -2*x, 3*x = -5*p + 127. Let j = c + p. Calculate the remainder when 43 is divided by j.
21
Suppose -97 - 159 = -4*f. Suppose 3*p - f = l - 5*l, 4*p = 2*l - 10. Suppose -3*s - 35 = -8*s. What is the remainder when l is divided by s?
6
Let s = 19 - -49. Let f(y) = -7*y - 16. Let k(a) = -23*a - 49. Let i(j) = -7*f(j) + 2*k(j). What is the remainder when s is divided by i(0)?
12
Let x(k) = k + 3. Let t be x(2). What is the remainder when 9 is divided by ((t - 3)/2)/((-3)/(-15))?
4
Let d(v) be the third derivative of v**4/8 - 20*v**3/3 + 42*v**2. Calculate the remainder when 70 is divided by d(16).
6
Suppose -6*i + 8*i = 62. Calculate the remainder when i is divided by 11.
9
Let f(r) = -r + 13. Let i be f(10). Suppose i = 3*m - 3. Suppose 4*j - 2*x = 28, 4*j + 5*x - 6 - 8 = 0. What is the remainder when j is divided by m?
0
Let k = 727 - 704. What is the remainder when (-332)/(-5) + (-2)/5 is divided by k?
20
Suppose -196*t + 186*t + 70 = 0. What is the remainder when 55 is divided by t?
6
Let q be 1/(-3) + 3789/27. Suppose -5*h - 165 - 330 = 0. Let l = h + q. What is the remainder when l is divided by 11?
8
Let f(n) = n**2 + 49*n + 7. Suppose -1 = -5*k + 4, 4*y - 20 = -4*k. Calculate the remainder when f(-49) is divided by y.
3
Let d = -15 - -57. Suppose 22 = -89*c - 90*c + 181*c. What is the remainder when d is divided by c?
9
Let y(w) = -2*w**3 + w**2 - 2*w - 2. Let o be y(-3). Suppose -v - 10 + o = 2*g, 0 = -5*v + 4*g + 341. Calculate the remainder when v is divided by 34.
31
Let p(x) = 3*x**2 - 3*x + 4. Suppose 2*a + 4*i = -52, a + 4*i = -i - 11. Let l = a - -33. What is the remainder when 78 is divided by p(l)?
38
Let j(a) be the third derivative of -1/24*a**4 + 0*a - 1/3*a**3 + 0 - 2*a**2. Calculate the remainder when 4 is divided by j(-4).
0
Let t(v) = 2 + 11*v + 23*v**2 - 14*v + 18*v**2. Calculate the remainder when t(1) is divided by 6.
4
Calculate the remainder when (4 - (-200)/24)*24/4 is divided by 20.
14
Suppose b + 20 = 6*b. Let v = 109 - 70. Let y = 50 - v. Calculate the remainder when y is divided by b.
3
Calculate the remainder when (-16)/(-28) + (-1626)/(-21) is divided by 24.
6
Let w = 44 + -60. Let f = 12 - w. What is the remainder when f is divided by 17?
11
Let r(v) be the second derivative of 31*v**3/3 - 4*v. What is the remainder when r(1) is divided by 20/6*(-48)/(-10)?
14
Let w(j) = -3*j**2 + 67*j - 59. What is the remainder when 98 is divided by w(21)?
23
Suppose 0 = -6*r + 8*r - 158. What is the remainder when r is divided by (-27)/45 + (-93)/(-5) - 0?
7
Suppose -44*k + 666 = -786. What is the remainder when k is divided by 10?
3
Calculate the remainder when (-7)/((-10)/120*(-24)/(-102)) is divided by 45.
42
Let j = -1595 - -1602. What is the remainder when 188 is divided by j?
6
Suppose -2*l + 20 = -8. Let x = -13 - -52. What is the remainder when x is divided by l?
11
Let l be (3/1)/(1 - 0). Suppose 10*t - 5*t + 12 = i, -4*t = l*i - 74. Let b = -212 + 298. Calculate the remainder when b is divided by i.
20
Suppose -6 = -4*k + 3*y, 7 = -4*k - 4*y - 1. Suppose k = 2*p + p + 6. Let f(x) = -3*x**3 - 4*x - 5. Calculate the remainder when 53 is divided by f(p).
26
Let q = -14 + 21. Suppose g = -5*y - 65, -22 = 3*y + 5*g - g. What is the remainder when 7/(y/(-4)) - -24 is divided by q?
5
Let x(l) = -l**3 - 19*l**2 + l + 20. Let t be x(-19). What is the remainder when 27 is divided by ((-1 + 2)/(-2))/(t/(-12))?
3
Suppose -2*l - z + 526 = 0, 2*z - 790 = -3*l + z. What is the remainder when l is divided by 93?
78
Let u be (0 - -1)*(0 + 4). Suppose 0 = 2*g - u*g + 22. What is the remainder when (-70)/(-2)*(-24)/(-28) is divided by g?
8
Suppose 2*z - 5*z + 158 = -i, 3*z + 4*i - 163 = 0. Let x = 73 - z. Calculate the remainder when x is divided by 3.
2
Let z(x) = x**2 + 12*x + 8. Let y be z(-12). Suppose 0 = 4*a + 2*i - 46, -a = 3*i - y*i + 16. Calculate the remainder when 35 is divided by a.
8
Let w be (1 + (-6)/(-8))/((-34)/(-136)). Suppose 4*j - 24 = -2*b, -17 - w = -4*j + 2*b. Calculate the remainder when 9 is divided by j.
3
Suppose 0 = 13*f - 859 - 259. Calculate the remainder when f is divided by 9.
5
Let x = 829 + -764. What is the remainder when 121 is divided by x?
56
Suppose -r + 24 + 0 = 4*h, -2*r - 3*h = -43. Suppose r = 8*l + 4. What is the remainder when l is divided by 1?
0
Let j = 423 + -353. What is the remainder when j is divided by 37?
33
Suppose 3*k - 4*k = -14. Let c(o) = -8*o - 26. Let j be c(-9). Suppose -j + 22 = -4*d. What is the remainder when k is divided by d?
2
Suppose 4*t + 9*t = 1222. Calculate the remainder when t is divided by 7.
3
Let l = 6 + -4. Calculate the remainder when (-2 - 0 - 0)*-2 is divided by l/(-3)*(-9)/2.
1
Suppose 12*m = -5*z + 13*m + 4349, -2*m + 2 = 0. What is the remainder when z is divided by 13?
12
Suppose j - 1 = -5*m, -2*m - 2*m + 5*j - 5 = 0. Suppose q + 4 - 7 = m. Calculate the remainder when 10 is divided by q.
1
What is the remainder when 13437/33 + (-14)/77 is divided by 51?
50
What is the remainder when 226 is divided by (152/(-6))/(6/(-18))?
74
Let f = 18 - 10. Let i = 7 - 0. Let s = 14 + i. What is the remainder when s is divided by f?
5
Suppose -7*n + 71 = -83. Calculate the remainder when n is divided by 38/5 + (-22)/(-55).
6
Let c = -660 + 1176. What is the remainder when c is divided by 74?
72
Calculate the remainder when (13/(-195)*-20)/((-4)/(-1317)) is divided by 9.
7
Suppose w = -0